{"id":184,"date":"2025-11-25T11:50:02","date_gmt":"2025-11-25T11:50:02","guid":{"rendered":"https:\/\/bfvztih.cluster100.hosting.ovh.net\/?page_id=184"},"modified":"2025-11-25T15:00:04","modified_gmt":"2025-11-25T15:00:04","slug":"comment-ca","status":"publish","type":"page","link":"https:\/\/www.repassnetcenter.be\/index.php\/comment-ca\/","title":{"rendered":"COMMENT \u00c7A MARCHE"},"content":{"rendered":"\t\t<div data-elementor-type=\"wp-page\" data-elementor-id=\"184\" class=\"elementor elementor-184\">\n\t\t\t\t<div class=\"elementor-element elementor-element-9bc2bfb e-flex e-con-boxed e-con e-parent\" data-id=\"9bc2bfb\" data-element_type=\"container\" data-settings=\"{&quot;background_background&quot;:&quot;classic&quot;}\">\n\t\t\t\t\t<div class=\"e-con-inner\">\n\t\t<div class=\"elementor-element elementor-element-4ea84db e-con-full e-flex e-con e-child\" data-id=\"4ea84db\" data-element_type=\"container\">\n\t\t\t\t<div class=\"elementor-element elementor-element-a70bc1c elementor-widget elementor-widget-heading\" data-id=\"a70bc1c\" data-element_type=\"widget\" data-widget_type=\"heading.default\">\n\t\t\t\t\t<h2 class=\"elementor-heading-title elementor-size-default\">Comment \u00c7a Marche ?<\/h2>\t\t\t\t<\/div>\n\t\t\t\t<\/div>\n\t\t<div class=\"elementor-element elementor-element-bfffa72 e-con-full e-flex e-con e-child\" data-id=\"bfffa72\" data-element_type=\"container\">\n\t\t\t\t<div class=\"elementor-element elementor-element-783215c elementor-widget elementor-widget-heading\" data-id=\"783215c\" data-element_type=\"widget\" data-widget_type=\"heading.default\">\n\t\t\t\t\t<h2 class=\"elementor-heading-title elementor-size-default\"><br>Accueil | Comment \u00e7a marche ?\n<\/h2>\t\t\t\t<\/div>\n\t\t\t\t<\/div>\n\t\t\t\t\t<\/div>\n\t\t\t\t<\/div>\n\t\t<div class=\"elementor-element elementor-element-9a76d98 e-flex e-con-boxed e-con e-parent\" data-id=\"9a76d98\" data-element_type=\"container\">\n\t\t\t\t\t<div class=\"e-con-inner\">\n\t\t\t\t<div class=\"elementor-element elementor-element-07ac2af elementor-widget-divider--separator-type-pattern elementor-widget-divider--view-line elementor-widget elementor-widget-divider\" data-id=\"07ac2af\" data-element_type=\"widget\" data-widget_type=\"divider.default\">\n\t\t\t\t\t\t\t<div class=\"elementor-divider\" style=\"--divider-pattern-url: url(&quot;data:image\/svg+xml,%3Csvg xmlns=&#039;http:\/\/www.w3.org\/2000\/svg&#039; preserveAspectRatio=&#039;none&#039; overflow=&#039;visible&#039; height=&#039;100%&#039; viewBox=&#039;0 0 20 16&#039; fill=&#039;none&#039; stroke=&#039;black&#039; stroke-width=&#039;1&#039; stroke-linecap=&#039;square&#039; stroke-miterlimit=&#039;10&#039;%3E%3Cg transform=&#039;translate(-12.000000, 0)&#039;%3E%3Cpath d=&#039;M28,0L10,18&#039;\/%3E%3Cpath d=&#039;M18,0L0,18&#039;\/%3E%3Cpath d=&#039;M48,0L30,18&#039;\/%3E%3Cpath d=&#039;M38,0L20,18&#039;\/%3E%3C\/g%3E%3C\/svg%3E&quot;);\">\n\t\t\t<span class=\"elementor-divider-separator\">\n\t\t\t\t\t\t<\/span>\n\t\t<\/div>\n\t\t\t\t\t\t<\/div>\n\t\t\t\t\t<\/div>\n\t\t\t\t<\/div>\n\t\t<div class=\"elementor-element elementor-element-0b397b7 e-flex e-con-boxed e-con e-parent\" data-id=\"0b397b7\" data-element_type=\"container\">\n\t\t\t\t\t<div class=\"e-con-inner\">\n\t\t\t\t<div class=\"elementor-element elementor-element-c70b59e elementor-widget elementor-widget-heading\" data-id=\"c70b59e\" data-element_type=\"widget\" data-widget_type=\"heading.default\">\n\t\t\t\t\t<h2 class=\"elementor-heading-title elementor-size-default\">Comment \u00c7a Marche ?<\/h2>\t\t\t\t<\/div>\n\t\t\t\t\t<\/div>\n\t\t\t\t<\/div>\n\t\t<div class=\"elementor-element elementor-element-de14c0e e-flex e-con-boxed e-con e-parent\" data-id=\"de14c0e\" data-element_type=\"container\">\n\t\t\t\t\t<div class=\"e-con-inner\">\n\t\t\t\t<div class=\"elementor-element elementor-element-9206b9f elementor-widget elementor-widget-text-editor\" data-id=\"9206b9f\" data-element_type=\"widget\" data-widget_type=\"text-editor.default\">\n\t\t\t\t\t\t\t\t\t<p style=\"font-weight: 400;\">Pour pouvoir utiliser les titres-services, vous devez d&rsquo;abord acqu\u00e9rir un num\u00e9ro personnel d&rsquo;identification Sodexo.<br \/>Pour cela, vous devez vous inscrire gratuitement sur le site de la soci\u00e9t\u00e9 <strong>Repassnet<\/strong> en cliquant sur le lien correspondant \u00e0 votre lieu de r\u00e9sidence.<\/p>\t\t\t\t\t\t\t\t<\/div>\n\t\t\t\t\t<\/div>\n\t\t\t\t<\/div>\n\t\t<div class=\"elementor-element elementor-element-ecc5a8a e-flex e-con-boxed e-con e-parent\" data-id=\"ecc5a8a\" data-element_type=\"container\">\n\t\t\t\t\t<div class=\"e-con-inner\">\n\t\t<div class=\"elementor-element elementor-element-2172993 e-con-full e-flex e-con e-child\" data-id=\"2172993\" data-element_type=\"container\" data-settings=\"{&quot;background_background&quot;:&quot;classic&quot;}\">\n\t\t\t\t<\/div>\n\t\t\t\t<div class=\"elementor-element elementor-element-4a3d6f4 elementor-widget elementor-widget-text-editor\" data-id=\"4a3d6f4\" data-element_type=\"widget\" data-widget_type=\"text-editor.default\">\n\t\t\t\t\t\t\t\t\t<p>\u00a0&#8211; <em>La r\u00e9gion de Bruxelles capitale :<\/em><\/p>\t\t\t\t\t\t\t\t<\/div>\n\t\t<div class=\"elementor-element elementor-element-1fc8e23 e-con-full e-flex e-con e-child\" data-id=\"1fc8e23\" data-element_type=\"container\">\n\t\t<div class=\"elementor-element elementor-element-a1cc579 e-con-full e-flex e-con e-child\" data-id=\"a1cc579\" data-element_type=\"container\">\n\t\t\t\t<div class=\"elementor-element elementor-element-d456160 elementor-widget__width-initial elementor-widget elementor-widget-text-editor\" data-id=\"d456160\" data-element_type=\"widget\" data-widget_type=\"text-editor.default\">\n\t\t\t\t\t\t\t\t\t<p>Inscription Sodexo<\/p>\t\t\t\t\t\t\t\t<\/div>\n\t\t\t\t<\/div>\n\t\t\t\t<\/div>\n\t\t\t\t\t<\/div>\n\t\t\t\t<\/div>\n\t\t<div class=\"elementor-element elementor-element-ff717ad e-flex e-con-boxed e-con e-parent\" data-id=\"ff717ad\" data-element_type=\"container\">\n\t\t\t\t\t<div class=\"e-con-inner\">\n\t\t<div class=\"elementor-element elementor-element-ebacaba e-con-full e-flex e-con e-child\" data-id=\"ebacaba\" data-element_type=\"container\" data-settings=\"{&quot;background_background&quot;:&quot;classic&quot;}\">\n\t\t\t\t<\/div>\n\t\t\t\t<div class=\"elementor-element elementor-element-92d7fcb elementor-widget elementor-widget-text-editor\" data-id=\"92d7fcb\" data-element_type=\"widget\" data-widget_type=\"text-editor.default\">\n\t\t\t\t\t\t\t\t\t<p>\u00a0&#8211; <em>La r\u00e9gion \u00a0wallonne :<\/em><\/p>\t\t\t\t\t\t\t\t<\/div>\n\t\t<div class=\"elementor-element elementor-element-73ea2c4 e-con-full e-flex e-con e-child\" data-id=\"73ea2c4\" data-element_type=\"container\">\n\t\t<div class=\"elementor-element elementor-element-7fbc016 e-con-full e-flex e-con e-child\" data-id=\"7fbc016\" data-element_type=\"container\">\n\t\t\t\t<div class=\"elementor-element elementor-element-eb99dfe elementor-widget__width-initial elementor-widget elementor-widget-text-editor\" data-id=\"eb99dfe\" data-element_type=\"widget\" data-widget_type=\"text-editor.default\">\n\t\t\t\t\t\t\t\t\t<p>Inscription Sodexo<\/p>\t\t\t\t\t\t\t\t<\/div>\n\t\t\t\t<\/div>\n\t\t\t\t<\/div>\n\t\t\t\t\t<\/div>\n\t\t\t\t<\/div>\n\t\t<div class=\"elementor-element elementor-element-7661261 e-flex e-con-boxed e-con e-parent\" data-id=\"7661261\" data-element_type=\"container\">\n\t\t\t\t\t<div class=\"e-con-inner\">\n\t\t<div class=\"elementor-element elementor-element-504f19f e-con-full e-flex e-con e-child\" data-id=\"504f19f\" data-element_type=\"container\" data-settings=\"{&quot;background_background&quot;:&quot;classic&quot;}\">\n\t\t\t\t<\/div>\n\t\t\t\t<div class=\"elementor-element elementor-element-6d57092 elementor-widget elementor-widget-text-editor\" data-id=\"6d57092\" data-element_type=\"widget\" data-widget_type=\"text-editor.default\">\n\t\t\t\t\t\t\t\t\t<p>\u00a0&#8211; <em>La r\u00e9gion flamande :<\/em><\/p>\t\t\t\t\t\t\t\t<\/div>\n\t\t<div class=\"elementor-element elementor-element-676a920 e-con-full e-flex e-con e-child\" data-id=\"676a920\" data-element_type=\"container\">\n\t\t<div class=\"elementor-element elementor-element-a134a7f e-con-full e-flex e-con e-child\" data-id=\"a134a7f\" data-element_type=\"container\">\n\t\t\t\t<div class=\"elementor-element elementor-element-c0dc6c2 elementor-widget__width-initial elementor-widget elementor-widget-text-editor\" data-id=\"c0dc6c2\" data-element_type=\"widget\" data-widget_type=\"text-editor.default\">\n\t\t\t\t\t\t\t\t\t<p>Inscription Sodexo<\/p>\t\t\t\t\t\t\t\t<\/div>\n\t\t\t\t<\/div>\n\t\t\t\t<\/div>\n\t\t\t\t\t<\/div>\n\t\t\t\t<\/div>\n\t\t<div class=\"elementor-element elementor-element-b225a1d e-flex e-con-boxed e-con e-parent\" data-id=\"b225a1d\" data-element_type=\"container\">\n\t\t\t\t\t<div class=\"e-con-inner\">\n\t\t\t\t<div class=\"elementor-element elementor-element-2c08450 elementor-widget elementor-widget-text-editor\" data-id=\"2c08450\" data-element_type=\"widget\" data-widget_type=\"text-editor.default\">\n\t\t\t\t\t\t\t\t\t<p style=\"font-weight: 400;\">Lorsque vous \u00eates en possession de votre num\u00e9ro Sodexo, vous pouvez vous inscrire chez <strong>Repassne<\/strong>t via la page \u00ab Contact \u00bb ou en cliquant <span style=\"text-decoration: underline;\"><strong>\u00a0ici.<\/strong><\/span>\u00a0<br \/>Vous pouvez aussi, gr\u00e2ce \u00e0 votre num\u00e9ro Sodexo, commander vos ch\u00e8ques titres-services.<br \/>Si vous avez des probl\u00e8mes pour l&rsquo;inscription, n&rsquo;h\u00e9sitez pas \u00e0 nous contacter au <strong>02 411 77 45 <\/strong>,\u00a0notre personnel se fera un plaisir de vous aider.<\/p>\t\t\t\t\t\t\t\t<\/div>\n\t\t\t\t\t<\/div>\n\t\t\t\t<\/div>\n\t\t<div class=\"elementor-element elementor-element-4dce4ab e-flex e-con-boxed e-con e-parent\" data-id=\"4dce4ab\" data-element_type=\"container\">\n\t\t\t\t\t<div class=\"e-con-inner\">\n\t\t\t\t<div class=\"elementor-element elementor-element-fe16044 elementor-widget-divider--separator-type-pattern elementor-widget-divider--view-line elementor-widget elementor-widget-divider\" data-id=\"fe16044\" data-element_type=\"widget\" data-widget_type=\"divider.default\">\n\t\t\t\t\t\t\t<div class=\"elementor-divider\" style=\"--divider-pattern-url: url(&quot;data:image\/svg+xml,%3Csvg xmlns=&#039;http:\/\/www.w3.org\/2000\/svg&#039; preserveAspectRatio=&#039;none&#039; overflow=&#039;visible&#039; height=&#039;100%&#039; viewBox=&#039;0 0 20 16&#039; fill=&#039;none&#039; stroke=&#039;black&#039; stroke-width=&#039;1&#039; stroke-linecap=&#039;square&#039; stroke-miterlimit=&#039;10&#039;%3E%3Cg transform=&#039;translate(-12.000000, 0)&#039;%3E%3Cpath d=&#039;M28,0L10,18&#039;\/%3E%3Cpath d=&#039;M18,0L0,18&#039;\/%3E%3Cpath d=&#039;M48,0L30,18&#039;\/%3E%3Cpath d=&#039;M38,0L20,18&#039;\/%3E%3C\/g%3E%3C\/svg%3E&quot;);\">\n\t\t\t<span class=\"elementor-divider-separator\">\n\t\t\t\t\t\t<\/span>\n\t\t<\/div>\n\t\t\t\t\t\t<\/div>\n\t\t\t\t\t<\/div>\n\t\t\t\t<\/div>\n\t\t<div class=\"elementor-element elementor-element-d830f89 e-con-full e-flex e-con e-parent\" data-id=\"d830f89\" data-element_type=\"container\" data-settings=\"{&quot;background_background&quot;:&quot;classic&quot;}\">\n\t\t<div class=\"elementor-element elementor-element-aaef1e2 e-con-full e-flex e-con e-child\" data-id=\"aaef1e2\" data-element_type=\"container\">\n\t\t\t\t<div class=\"elementor-element elementor-element-01d4670 elementor-widget elementor-widget-heading\" data-id=\"01d4670\" data-element_type=\"widget\" data-widget_type=\"heading.default\">\n\t\t\t\t\t<h2 class=\"elementor-heading-title elementor-size-default\">Repassnet, soci\u00e9t\u00e9 de titres-services agr\u00e9\u00e9e par l\u2019ONEM, vous propose, \u00e0<br>Bruxelles, un service de qualit\u00e9\n<\/h2>\t\t\t\t<\/div>\n\t\t\t\t<\/div>\n\t\t<div class=\"elementor-element elementor-element-7587fdf e-con-full e-flex e-con e-child\" data-id=\"7587fdf\" data-element_type=\"container\" data-settings=\"{&quot;background_background&quot;:&quot;classic&quot;}\">\n\t\t\t\t<div class=\"elementor-element elementor-element-240d8b8 elementor-align-center elementor-widget elementor-widget-button\" data-id=\"240d8b8\" data-element_type=\"widget\" data-widget_type=\"button.default\">\n\t\t\t\t\t\t\t\t\t\t<a class=\"elementor-button elementor-button-link elementor-size-sm\" href=\"#contact\">\n\t\t\t\t\t\t<span class=\"elementor-button-content-wrapper\">\n\t\t\t\t\t\t\t\t\t<span class=\"elementor-button-text\">CONTACTEZ-NOUS<\/span>\n\t\t\t\t\t<\/span>\n\t\t\t\t\t<\/a>\n\t\t\t\t\t\t\t\t<\/div>\n\t\t\t\t<\/div>\n\t\t\t\t<\/div>\n\t\t<div class=\"elementor-element elementor-element-973a4e8 e-flex e-con-boxed e-con e-parent\" data-id=\"973a4e8\" data-element_type=\"container\" data-settings=\"{&quot;background_background&quot;:&quot;classic&quot;}\">\n\t\t\t\t\t<div class=\"e-con-inner\">\n\t\t<div class=\"elementor-element elementor-element-24de968 e-con-full e-flex e-con e-child\" data-id=\"24de968\" data-element_type=\"container\">\n\t\t\t\t<div class=\"elementor-element elementor-element-ccfaae7 elementor-widget elementor-widget-text-editor\" data-id=\"ccfaae7\" data-element_type=\"widget\" data-widget_type=\"text-editor.default\">\n\t\t\t\t\t\t\t\t\t<p><span style=\"color: #ffffff;\"><em>Reposez-vous, on s&rsquo;occupe de tout !<\/em><\/span><\/p><p><span style=\"color: #ffffff;\"><em>Envie de profiter de la vie et de votre temps libre ?<\/em><\/span><\/p><p><span style=\"color: #ffffff;\"><em>C&rsquo;est possible avec Repassnet gr\u00e2ce aux Titres-services.<\/em><\/span><\/p><p><span style=\"color: #ffffff;\"><span style=\"caret-color: #ffffff;\"><i>Repassnet, soci\u00e9t\u00e9 de titres-services agr\u00e9\u00e9e par l&rsquo;Onem ,<\/i><\/span><\/span><\/p><p><span style=\"color: #ffffff;\"><span style=\"caret-color: #ffffff;\"><i>vous propose, \u00e0 Bruxelles, un service de qualit\u00e9 dans les \u00a0domaines suivante&#8230;<\/i><\/span><\/span><\/p><p><span style=\"color: #ffffff;\"><span style=\"caret-color: #ffffff;\"><i>Voir Services\u00a0<\/i><\/span><\/span><\/p>\t\t\t\t\t\t\t\t<\/div>\n\t\t\t\t<\/div>\n\t\t\t\t<div class=\"elementor-element elementor-element-bf54546 elementor-widget elementor-widget-image\" data-id=\"bf54546\" data-element_type=\"widget\" data-widget_type=\"image.default\">\n\t\t\t\t\t\t\t\t\t\t\t\t\t\t\t<img decoding=\"async\" src=\"http:\/\/bfvztih.cluster100.hosting.ovh.net\/wp-content\/uploads\/2025\/11\/2023_BXL-diversity-label_logo_transparent-background-5.pdf\" title=\"\" alt=\"\" loading=\"lazy\" \/>\t\t\t\t\t\t\t\t\t\t\t\t\t\t\t<\/div>\n\t\t<div class=\"elementor-element elementor-element-1d05615 e-con-full e-flex e-con e-child\" data-id=\"1d05615\" data-element_type=\"container\">\n\t\t\t\t<div class=\"elementor-element elementor-element-a5ca3e0 elementor-widget elementor-widget-heading\" data-id=\"a5ca3e0\" data-element_type=\"widget\" data-widget_type=\"heading.default\">\n\t\t\t\t\t<h2 class=\"elementor-heading-title elementor-size-default\">CONTACTEZ-NOUS<br><br><\/h2>\t\t\t\t<\/div>\n\t\t\t\t<div class=\"elementor-element elementor-element-3db05d2 elementor-widget elementor-widget-text-editor\" data-id=\"3db05d2\" data-element_type=\"widget\" data-widget_type=\"text-editor.default\">\n\t\t\t\t\t\t\t\t\t<p><span style=\"color: #ffffff;\">N\u2019h\u00e9sitez pas \u00e0 nous contacter pour tout renseignement compl\u00e9mentaire\u2026<\/span><\/p><p><span style=\"color: #ffffff;\">Adresse : Rue de Dilbeek 100, 1080 Bruxelles<\/span><br \/><span style=\"color: #ffffff;\">T\u00e9l\u00e9phone : 02 411 77 45<\/span><br \/><span style=\"color: #ffffff;\">Email : info@rpnet.be<\/span><br \/><span style=\"color: #ffffff;\">Site Web : <span style=\"color: #ff00ff;\">www.repassnetcenter.be<\/span><\/span><\/p>\t\t\t\t\t\t\t\t<\/div>\n\t\t\t\t<\/div>\n\t\t\t\t\t<\/div>\n\t\t\t\t<\/div>\n\t\t\t\t<\/div>\n\t\t","protected":false},"excerpt":{"rendered":"<p>Comment \u00c7a Marche ? Accueil | Comment \u00e7a marche ? Comment \u00c7a Marche ? Pour pouvoir utiliser les titres-services, vous [&hellip;]<\/p>\n","protected":false},"author":1,"featured_media":0,"parent":0,"menu_order":4,"comment_status":"closed","ping_status":"closed","template":"","meta":{"site-sidebar-layout":"no-sidebar","site-content-layout":"","ast-site-content-layout":"full-width-container","site-content-style":"default","site-sidebar-style":"default","ast-global-header-display":"","ast-banner-title-visibility":"","ast-main-header-display":"","ast-hfb-above-header-display":"","ast-hfb-below-header-display":"","ast-hfb-mobile-header-display":"","site-post-title":"","ast-breadcrumbs-content":"","ast-featured-img":"disabled","footer-sml-layout":"","theme-transparent-header-meta":"","adv-header-id-meta":"","stick-header-meta":"","header-above-stick-meta":"","header-main-stick-meta":"","header-below-stick-meta":"","astra-migrate-meta-layouts":"default","ast-page-background-enabled":"default","ast-page-background-meta":{"desktop":{"background-color":"var(--ast-global-color-5)","background-image":"","background-repeat":"repeat","background-position":"center center","background-size":"auto","background-attachment":"scroll","background-type":"","background-media":"","overlay-type":"","overlay-color":"","overlay-opacity":"","overlay-gradient":""},"tablet":{"background-color":"","background-image":"","background-repeat":"repeat","background-position":"center center","background-size":"auto","background-attachment":"scroll","background-type":"","background-media":"","overlay-type":"","overlay-color":"","overlay-opacity":"","overlay-gradient":""},"mobile":{"background-color":"","background-image":"","background-repeat":"repeat","background-position":"center center","background-size":"auto","background-attachment":"scroll","background-type":"","background-media":"","overlay-type":"","overlay-color":"","overlay-opacity":"","overlay-gradient":""}},"ast-content-background-meta":{"desktop":{"background-color":"var(--ast-global-color-4)","background-image":"","background-repeat":"repeat","background-position":"center center","background-size":"auto","background-attachment":"scroll","background-type":"","background-media":"","overlay-type":"","overlay-color":"","overlay-opacity":"","overlay-gradient":""},"tablet":{"background-color":"var(--ast-global-color-4)","background-image":"","background-repeat":"repeat","background-position":"center center","background-size":"auto","background-attachment":"scroll","background-type":"","background-media":"","overlay-type":"","overlay-color":"","overlay-opacity":"","overlay-gradient":""},"mobile":{"background-color":"var(--ast-global-color-4)","background-image":"","background-repeat":"repeat","background-position":"center center","background-size":"auto","background-attachment":"scroll","background-type":"","background-media":"","overlay-type":"","overlay-color":"","overlay-opacity":"","overlay-gradient":""}},"footnotes":""},"class_list":["post-184","page","type-page","status-publish","hentry"],"_links":{"self":[{"href":"https:\/\/www.repassnetcenter.be\/index.php\/wp-json\/wp\/v2\/pages\/184","targetHints":{"allow":["GET"]}}],"collection":[{"href":"https:\/\/www.repassnetcenter.be\/index.php\/wp-json\/wp\/v2\/pages"}],"about":[{"href":"https:\/\/www.repassnetcenter.be\/index.php\/wp-json\/wp\/v2\/types\/page"}],"author":[{"embeddable":true,"href":"https:\/\/www.repassnetcenter.be\/index.php\/wp-json\/wp\/v2\/users\/1"}],"replies":[{"embeddable":true,"href":"https:\/\/www.repassnetcenter.be\/index.php\/wp-json\/wp\/v2\/comments?post=184"}],"version-history":[{"count":11,"href":"https:\/\/www.repassnetcenter.be\/index.php\/wp-json\/wp\/v2\/pages\/184\/revisions"}],"predecessor-version":[{"id":278,"href":"https:\/\/www.repassnetcenter.be\/index.php\/wp-json\/wp\/v2\/pages\/184\/revisions\/278"}],"wp:attachment":[{"href":"https:\/\/www.repassnetcenter.be\/index.php\/wp-json\/wp\/v2\/media?parent=184"}],"curies":[{"name":"wp","href":"https:\/\/api.w.org\/{rel}","templated":true}]}}